{"id":12,"date":"2015-02-20T01:28:53","date_gmt":"2015-02-20T01:28:53","guid":{"rendered":"http:\/\/www.demirel.av.tr\/?page_id=12"},"modified":"2015-02-20T01:28:53","modified_gmt":"2015-02-20T01:28:53","slug":"faaliyet-alanlarimiz","status":"publish","type":"page","link":"https:\/\/www.demirel.av.tr\/index.php\/faaliyet-alanlarimiz\/","title":{"rendered":"FAAL\u0130YET ALANLARIMIZ"},"content":{"rendered":"<p>Avukatl\u0131k mevzuat\u0131m\u0131za g\u00f6re; Avukatlar\u0131n reklam yapmas\u0131 m\u00fcmk\u00fcn olmay\u0131p, avukatlar mesleki faaliyetlerini icra ederken reklam niteli\u011fi ta\u015f\u0131yabilecek her t\u00fcrl\u00fc davran\u0131\u015ftan ka\u00e7\u0131nmal\u0131d\u0131rlar.<\/p>\n<p>Bu itibarla avukatlar\u0131n yer veya hukuki bilgi a\u00e7\u0131s\u0131ndan faaliyet alanlar\u0131n\u0131 deklare etmeleri Avukatl\u0131k mevzuat\u0131na g\u00f6re m\u00fcmk\u00fcn de\u011fildir.<\/p>\n<p>Avukatlar Reklam Yasa\u011f\u0131 Y\u00f6netmeli\u011fi\u2019ne uygun davranmak zorunda olup, web sitelerinde veya kartvizitlerinde \u2026 davalar\u0131 \u015feklinde \u00e7al\u0131\u015fma ve uzmanl\u0131k alan\u0131 belirtemezler.<\/p>\n<p>Bu gerek\u00e7eler ile bir avukatl\u0131k b\u00fcrosu web sitesine uzmanl\u0131k alanlar\u0131n\u0131 yazmak veya hangi illerde hizmet verebilece\u011fini yazmak, hangi \u00fclkelerde hangi hukuk b\u00fcrolar\u0131 ile ba\u011flant\u0131da oldu\u011funu yazmak mevzuat\u0131m\u0131za g\u00f6re m\u00fcmk\u00fcn olmad\u0131\u011f\u0131ndan ve m\u00fcvekkilerimizce maruf faaliyet alanlar\u0131m\u0131z\u0131 s\u0131n\u0131rland\u0131rmamak i\u00e7in web sitemizde bu konuda bir a\u00e7\u0131klama yapmamay\u0131 uygun ve yasal buluyoruz.<\/p>\n<p>Ancak faaliyet alanlar\u0131m\u0131z\u0131 \u00f6\u011fremek veya davalar\u0131n\u0131zla ilgili daha detayl\u0131 bilgi edinmek i\u00e7in bize ileti\u015fim formumuzdan veya sayfan\u0131n alt\u0131nda bulunan ileti\u015fim bilgilirimizi kullanarak ula\u015fabilirsiniz.<\/p>\n","protected":false},"excerpt":{"rendered":"<p>Avukatl\u0131k mevzuat\u0131m\u0131za g\u00f6re; Avukatlar\u0131n reklam yapmas\u0131 m\u00fcmk\u00fcn olmay\u0131p, avukatlar mesleki faaliyetlerini icra ederken reklam niteli\u011fi ta\u015f\u0131yabilecek her t\u00fcrl\u00fc davran\u0131\u015ftan ka\u00e7\u0131nmal\u0131d\u0131rlar. Bu itibarla avukatlar\u0131n yer veya hukuki bilgi a\u00e7\u0131s\u0131ndan faaliyet alanlar\u0131n\u0131 deklare etmeleri Avukatl\u0131k mevzuat\u0131na g\u00f6re m\u00fcmk\u00fcn de\u011fildir. Avukatlar Reklam Yasa\u011f\u0131 Y\u00f6netmeli\u011fi\u2019ne uygun davranmak zorunda olup, web sitelerinde veya kartvizitlerinde \u2026 davalar\u0131 \u015feklinde \u00e7al\u0131\u015fma ve uzmanl\u0131k [&hellip;]<\/p>\n","protected":false},"author":1,"featured_media":0,"parent":0,"menu_order":0,"comment_status":"open","ping_status":"open","template":"","meta":[],"_links":{"self":[{"href":"https:\/\/www.demirel.av.tr\/index.php\/wp-json\/wp\/v2\/pages\/12"}],"collection":[{"href":"https:\/\/www.demirel.av.tr\/index.php\/wp-json\/wp\/v2\/pages"}],"about":[{"href":"https:\/\/www.demirel.av.tr\/index.php\/wp-json\/wp\/v2\/types\/page"}],"author":[{"embeddable":true,"href":"https:\/\/www.demirel.av.tr\/index.php\/wp-json\/wp\/v2\/users\/1"}],"replies":[{"embeddable":true,"href":"https:\/\/www.demirel.av.tr\/index.php\/wp-json\/wp\/v2\/comments?post=12"}],"version-history":[{"count":1,"href":"https:\/\/www.demirel.av.tr\/index.php\/wp-json\/wp\/v2\/pages\/12\/revisions"}],"predecessor-version":[{"id":13,"href":"https:\/\/www.demirel.av.tr\/index.php\/wp-json\/wp\/v2\/pages\/12\/revisions\/13"}],"wp:attachment":[{"href":"https:\/\/www.demirel.av.tr\/index.php\/wp-json\/wp\/v2\/media?parent=12"}],"curies":[{"name":"wp","href":"https:\/\/api.w.org\/{rel}","templated":true}]}}